).
-29
-67 + 22 + 35 + 14 - (-1 - 58)
63
-1 + 22 + (-85 - (60 - 105)) + 59
40
17 + -33 + -25 + -5 + 36
-10
Evaluate 1 - (-10 - (-28 + 0 - -1 - (52 + -60))).
-8
Calculate (-14140 - -14187) + -2 + -4.
41
What is -60 - -24 - -15 - (34 + -39)?
-16
What is -16 + 3 + -3 + (2 - -10) + 9 + -10?
-5
Calculate 1 + (18 - (-4 + 2)) - (360 + -358).
19
What is the value of (1 + 0 - -13) + (104 - 116) + (-23 - 0)?
-21
What is the value of 14 + (-34 + -9 - -32) + (0 - 0)?
3
What is 76 + -56 + 51 + 8 + 8?
87
What is the value of -1 - 29 - (23 + 13 + -42 + -2 + 16)?
-38
Calculate 6 - (3 - 10 - (-7 - 18 - 0)).
-12
-1 - -3 - 11 - (17 + -28 + (28 - 11))
-15
Calculate -23 + (1184 - 1161 - (87 + 2 - 1)).
-88
What is (-17 - (2 + (7 + -7 - 7))) + (32 - 125)?
-105
Evaluate (21 - (119 + -45)) + 52 - (-114 - -2).
111
What is -101 + -12 + 79 - (3 + -34)?
-3
What is (-17 - (0 + 3 + -4)) + -119 + 225 + -114?
-24
Calculate 12 + (35 - (-49 + 87)) + 2 + (-8 - 2).
1
What is the value of -64 + 0 + -19 + (-6 + 43 - 11) + 4?
-53
30 - (21 + 91 + -41)
-41
What is the value of -505 + 719 - (98 - -4)?
112
-2 - -2 - (0 + (61 - 60) + (3 - -1))
-5
What is 14 - ((5 - 109) + (-62 + 32 - -40))?
108
Calculate (36 - 31) + (-2 + (-5 - -11) - -1).
10
What is the value of -1 + 4 + (231 - 243) - -4?
-5
Calculate (-1 + 2 + -1 + 5 - 2) + -15798 + 15873.
78
Evaluate (63 + -114 - -48) + -7.
-10
What is -29 + (-8 - -108) - 37?
34
-21 + (46 - (-7 + 37 + 0))
-5
What is (-6 + -9 - -3) + (20 - (12 + -4))?
0
Evaluate -1 + 3 - -125 - (68 - 34 - 55).
148
What is -358 + 349 - (0 + 50) - -4?
-55
17 - (97 + -44 - 78)
42
Calculate -19 + 18 + -6 + (21 - 8) + 1.
7
What is -1 - 7 - (154 + -172 + -3 + 26) - -10?
-3
140 + -35 + -15 + (4 - (-10 + 9))
95
What is the value of 1 - (-26 - (11 + (-6 - 7)) - -2) - -9?
32
What is the value of (933 + -968 - (1 - 29)) + (2 + -96 - 2)?
-103
Evaluate (34 - -1) + (-1794 - -1796).
37
Calculate -7 - (0 + -4 + 0 - (-202 - -224)).
19
What is 22 + 42 + -67 - (1 - 0 - (51 + -2))?
45
What is 24 + 9 + -20 + 26 + (4 - -2)?
45
Calculate -4 + -3 + (-9 - (-16 - -12)) + 20.
8
What is the value of 0 - 38 - (2964 + -2994)?
-8
-3 - (28 - -1) - (4125 + -4181)
24
What is the value of 122 + (-27 - 72) - (0 - -78)?
-55
What is (31 - (267 + -260)) + 20 + -1 + 0?
43
Calculate -1 + 18 - 8 - (0 + 37 + -24).
-4
Calculate (35 - (37 + -41)) + -37.
2
Calculate -26 + -186 + 201 - ((0 - 41) + 1).
29
-5 - -3 - -35 - (6 + (-9 + 7 - 2))
31
What is -55 + -1 + 18 + (-8 - 6) + 38 + -32?
-46
-4 + (4 - -21) - ((-135 - -102) + -28)
82
What is 2 + -4 + -5 - (4 - (-3 - -8 - 37))?
-43
Evaluate -339 - -304 - (4 + -85).
46
Calculate -15 + 17 + 0 + -38 - -24.
-12
Evaluate (9 + -4 - (8 - (6 - -2))) + (6 - 0).
11
Evaluate ((30 - -2) + (-435 - -432) - (1 + -8)) + 1.
37
What is the value of 0 - -14 - (-13 + 1 - (806 + -802))?
30
Calculate (-6 - 20 - 9) + 0.
-35
What is the value of -3 + -14 - -4 - (-33 - (25 - (-30 + 21)))?
54
Evaluate -25 + ((8 - 1) + -1 - (-28 - (-90 + 63))).
-18
-2 - (-2 + 11) - (-19 + (-30 - -5 - -44))
-11
What is 92 - (8 + -27 + 68)?
43
-24 + -49 + (186 - 63)
50
What is 0 + (23 + 0 - (-4 - (10 - (-6 + 18))))?
25
-48961 + 48970 + 2 + -1 + -21
-11
What is (-979 - -996) + (-9 - -6 - (35 - 0))?
-21
What is the value of 5 + (36 - (14 - -35))?
-8
What is -60 - (-46 + 22) - -20?
-16
Evaluate 34 - (9 - 0 - (72 + -81)) - (151 - 0).
-135
Evaluate (-14827 - -14641) + (1 - -71).
-114
What is the value of 0 - 8 - (9 + -17 - (2 - 7))?
-5
Calculate 57 + (-181 - -84 - -87).
47
What is the value of 33 + -45 + (2 - -2) + -4 - 20?
-32
What is the value of (45 - -25) + -105 - -83?
48
What is -634 + 633 - (-1 + 1 + -1 + (2 - 55))?
53
What is the value of (17 - 55) + (9 + -4 - -3)?
-30
(2755 - 2771) + -6 + 1
-21
What is the value of -9 + -2 + 4 + 1 + -8 + -46?
-60
-6 + -66 - (16 + (85 - 108))
-65
Calculate 68 - -3 - (-215 - -260).
26
-25 + (769 - 788 - (1 + -77))
32
Evaluate 12 + (-3 + 42 - (-7 + -3) - 2) + -9.
50
Calculate -17 + (427 + -351 - (-13 + 0)).
72
Evaluate (163 - 46) + -57 + -79.
-19
(-10 - (19 - 10) - -25) + 16
22
What is the value of 25 + 2 + (0 + 6 - -1) + (-22 - -3)?
15
What is the value of (-1 + -93 - (2 - 3)) + 16794 + -16789?
-88
What is 36 + -32 + 33 - 15?
22
-60 + (80 - (39 - -89))
-108
11 - (-6 + 2 + (-26 - (-21 - (-8 - 7))))
35
What is 9 + (12 - -16) + -63?
-26
Calculate 7 - -2 - (-5 - (3 + 1 + 11 + -10)).
19
-16 - (0 + 19 + (-11 - -17) + -2)
-39
Evaluate (11 - -2) + -48 + -1 + 28.
-8
Evaluate -105 - 18 - (272 + -312).
-83
What is (0 + (-19 - (-4 + -14)) - -7) + 12?
18
-7 + 4 + 5 + (71 - 68) - (-94 + -1)
100
Calculate -178 + 181 + -7 + 19 - -13.
28
Calculate (-19 - (-269 - -260 - (2 + 0 + -1))) + 86.
77
Evaluate 23 - (20 + (28 - 30) + -26).
31
What is the value of -38 - (10 + (-1 + 7 - ((33 - 51) + 29)))?
-43
Evaluate -6 + (9 + 0 - (9 - (-43 + 36 + 37))).
24
What is the value of (-106 - -303) + (-119 - -4)?
82
What is (-2 + 20 - (-14 - -10)) + -14?
8
Calculate -278 + 250 + 0 + 25.
-3
31 + -18 + -6 + 4 + 27
38
Calculate 20 + (57 - 67) - -56.
66
What is 1 - ((-1022 - -1037 - (7 - (2 + 0))) + -6)?
-3
What is 5 - (-96 + -47 + 141)?
7
What is (57 - (-4 - (18 + -29))) + (3 - 23)?
30
What is the value of 19 + -33 + (-30 - -43) + (3 - 97)?
-95
-5 + -44 - (103 - 106)
-46
Evaluate 0 - (23 + -27 + 22 - (-1 - 1)).
-20
What is the value of -45 - ((-42 - 55) + 9)?
43
49 + 1 + (2 - 1) + (15 - 17) + -10
39
Calculate -51 + -4 + (-12 - -16 - -14).
-37
Calculate -1 + 5 + -49 + (-74 - -122) - (0 + 93).
-90
Calculate 32 - (-5 + 6) - (19 - 29 - (-3 - -2)).
40
What is 1 + (30 - 20 - 12)?
-1
(-11 - -2) + 6 - (-70 - (-2 + -19))
46
What is the value of -133 - -320 - (96 + 5)?
86
Calculate (0 - -26) + -86 + 21 + 62.
23
Evaluate -76 + 45 + -87 + 118.
0
76 - ((-16 - 1) + 11 + (-20 - -16))
86
Calculate (-17 - 1) + (13 - (6 + 21) - 13).
-45
7 + (-27 + 43 - 52)
-29
What is -10 - (23 + 2 - 50)?
15
What is -14 - 0 - (7 + (27 - 23) - -44)?
-69
Calculate -24 - (7 + (-19 - (-7 + -37))).
-56
What is (-10 - 1) + 128 + -18 + 22 + -4 - 14?
103
Calculate -33 + -2 + ((2 - 16) + (-181 - -201) - 3).
-32
What is -12 + (14 - -29) + -15 - 7 - 5?
4
What is the value of 101 + (-35 + 138 - 214)?
-10
Evaluate -3 - -2 - (-26 - (4 - (2 - -21))) - 99.
-93
What is the value of (-57 + 64 - (-7 - -2)) + (10 + -97 - 14)?
-89
Evaluate (-5 - -3 - (-17 - -28)) + (0 - (79 + 1)).
-93
Calculate 0 + 0 + 1 - (1 + -71 - -57).
14
Evaluate -11 + (-318 + 306 - (1 - 33)).
9
What is -5 - -43 - (211 - 190)?
17
What is the value of (10 + -22 + 6 + -4 - (-1 - 1)) + 7?
-1
Evaluate 3 - 0 - ((-11 - (5 + -3)) + -164 + 160).
20
Evaluate (-12 + 190 - (-15 - -5)) + -37.
151
(4 - 3) + 0 + -11 + (15 - -18)
23
What is -3 + 139 + -59 - 23?
54
What is 94 + 49 + -159 - -89?
73
What is the value of 36 + -2 + -1 - (12 - (17 - (-5 - -22)))?
21
(-2964 - -2944) + 0 + -4 + -63
-87
-6 + (-6 - 3) - (-19 - -35 - -10)
-41
Evaluate 65 - (85 + -115 - -30).
65
What is the value of -2 + (-3 - -4 - -2 - 1) + 1571 + -1579?
-8
Evaluate 33 + (32 - 53 - (3 + -35)).
44
What is the value of 27 + (-21 - -19) + -5 + (-11 - (2 - 8))?
15
(43 - ((18 - (1 + 20)) + 14)) + -1 + 13
44
What is -24 - ((-8 - (-5 + -4)) + 8 + 1 + -5)?
-29
What is (-7 - -1) + (-213 - -99) + 71?
-49
What is the value of (22 - 54) + 36 - (11 + 2)?
-9
Calculate (135 - 8) + 827 + -909.
45
-19 - -121 - (75 - -17)
10
What is 51 - (-9 + (-2 - (7 + 1 - 30)))?
40
What is the value of 12 - (70 + -19) - -40?
1
Calculate (9 + 10 + -11 - 7) + 1 + -2.
0
What is 27 + (5 - 13) + 12 + -3 + -8?
20
What is -2872 + 2782 - (-2 + -54)?
-34
Evaluate 131 - (105 - 36) - (-3 - (2 - 19)).
48
Calculate -23 - (-19 + 22 + -20) - -58.
52
What is the value of -56 + (-70 + 93 - -5)?
-28
What is 19 + (19 - 50) + -57 + 23?
-46
Calculate 4 - 39 - (10 - (-1 + (-1 - -9))).
-38
21 - (-7 + 22 - -2)
4
Evaluate (-5521 - -5661) + -7 + 1.
134
(61 - -122 - -37) + -125
95
1 + -4 + 0 + (-339 - -345)
3
What is the value of -9 - (-2 + -47 - (148 + -167))?
21
45 - (-1 + 118) - (-1 - 19)
-52
What is the value of 2 + -23 + 1 - -35 - -27?
42
Evaluate 37 - (-13 + 2 - (-581 + 569)).
36
Calculate 1 + -13 - ((132 - 192) + 20).
28
Calculate -20 + (99 - (-60 + 77 - (0 + -1))).
61
-7 + 20 + 5 + (-4 - (-7 + (8 - -8)))
5
What is the value of (81 - (8 - 3)) + (170 + -164 - (6 + 0))?
76
What is the valu